{"id":520,"date":"2024-01-15T01:25:01","date_gmt":"2024-01-15T01:25:01","guid":{"rendered":"https:\/\/produccionesnubedeoort.es\/?page_id=520"},"modified":"2024-01-15T01:25:42","modified_gmt":"2024-01-15T01:25:42","slug":"documentales","status":"publish","type":"page","link":"https:\/\/produccionesnubedeoort.es\/index.php\/documentales\/","title":{"rendered":"Documentales"},"content":{"rendered":"\n<h2 class=\"wp-block-heading\">Ruta del \u00d3rgano Rom\u00e1ntico  Vega de San Mateo<\/h2>\n\n\n\n<p>En Producciones Nube de Oort, del Grupo Ravelo Jimenez, nos enorgullece participar en un proyecto sin precedentes: la creaci\u00f3n propia del documental con motivo del centenario de la llegada del \u00f3rgano Walcker a la Vega de San Mateo. <\/p>\n\n\n\n<p><strong>Sesiones Especializadas: Explorando el Patrimonio Instrumental y Cultural del Municipio<\/strong><\/p>\n\n\n\n<p>En las jornadas conmemorativas, nuestras producciones documentales abordar\u00e1n el patrimonio instrumental eclesi\u00e1stico del municipio, explorando no solo la riqueza de los instrumentos, sino tambi\u00e9n los aspectos intangibles asociados. Este enfoque integral nos permite capturar la esencia cultural y musical que rodea al \u00f3rgano Walcker y su impacto en la comunidad.<\/p>\n\n\n\n<div class=\"wp-block-columns is-layout-flex wp-container-core-columns-is-layout-28f84493 wp-block-columns-is-layout-flex\">\n<div class=\"wp-block-column is-layout-flow wp-block-column-is-layout-flow\" style=\"flex-basis:25%\"><\/div>\n\n\n\n<div class=\"wp-block-column is-layout-flow wp-block-column-is-layout-flow\" style=\"flex-basis:50%\">\n<figure class=\"wp-block-embed is-type-video is-provider-youtube wp-block-embed-youtube wp-embed-aspect-16-9 wp-has-aspect-ratio\"><div class=\"wp-block-embed__wrapper\">\n<div class=\"ast-oembed-container \" style=\"height: 100%;\"><iframe loading=\"lazy\" title=\"Documental Ruta del \u00d3rgano Rom\u00e1ntico Vega de San Mateo\" width=\"500\" height=\"281\" src=\"https:\/\/www.youtube.com\/embed\/9yCgNItSTB4?feature=oembed\" frameborder=\"0\" allow=\"accelerometer; autoplay; clipboard-write; encrypted-media; gyroscope; picture-in-picture; web-share\" referrerpolicy=\"strict-origin-when-cross-origin\" allowfullscreen><\/iframe><\/div>\n<\/div><\/figure>\n<\/div>\n\n\n\n<div class=\"wp-block-column is-layout-flow wp-block-column-is-layout-flow\" style=\"flex-basis:25%\"><\/div>\n<\/div>\n\n\n\n<p><strong>Un Proyecto Hist\u00f3rico para las Islas Canarias<\/strong><\/p>\n\n\n\n<p>Producciones Nube de Oort se enorgullece de liderar el primer proyecto de documentales de estas caracter\u00edsticas en el archipi\u00e9lago Canario. Este esfuerzo colaborativo celebra la rica historia cultural de la Vega de San Mateo y destaca nuestro compromiso con la preservaci\u00f3n y difusi\u00f3n del patrimonio hist\u00f3rico y musical.<\/p>\n\n\n\n<p><strong>\u00danase a Nosotros en esta Celebraci\u00f3n Audiovisual \u00danica<\/strong><\/p>\n\n\n\n<p>Le invitamos a unirse a nosotros en esta emocionante celebraci\u00f3n del centenario del \u00f3rgano Walcker. A trav\u00e9s de nuestras producciones documentales, llevaremos a los espectadores en un viaje fascinante a trav\u00e9s del tiempo y la m\u00fasica. \u00a1Permanezca atento para descubrir los secretos y la belleza detr\u00e1s de este hito hist\u00f3rico!<\/p>\n","protected":false},"excerpt":{"rendered":"<p>Ruta del \u00d3rgano Rom\u00e1ntico Vega de San Mateo En Producciones Nube de Oort, del Grupo Ravelo Jimenez, nos enorgullece participar [&hellip;]<\/p>\n","protected":false},"author":1,"featured_media":0,"parent":0,"menu_order":0,"comment_status":"closed","ping_status":"closed","template":"","meta":{"site-sidebar-layout":"default","site-content-layout":"","ast-site-content-layout":"","site-content-style":"default","site-sidebar-style":"default","ast-global-header-display":"","ast-banner-title-visibility":"","ast-main-header-display":"","ast-hfb-above-header-display":"","ast-hfb-below-header-display":"","ast-hfb-mobile-header-display":"","site-post-title":"","ast-breadcrumbs-content":"","ast-featured-img":"","footer-sml-layout":"","theme-transparent-header-meta":"","adv-header-id-meta":"","stick-header-meta":"","header-above-stick-meta":"","header-main-stick-meta":"","header-below-stick-meta":"","astra-migrate-meta-layouts":"default","ast-page-background-enabled":"default","ast-page-background-meta":{"desktop":{"background-color":"var(--ast-global-color-4)","background-image":"","background-repeat":"repeat","background-position":"center center","background-size":"auto","background-attachment":"scroll","background-type":"","background-media":"","overlay-type":"","overlay-color":"","overlay-opacity":"","overlay-gradient":""},"tablet":{"background-color":"","background-image":"","background-repeat":"repeat","background-position":"center center","background-size":"auto","background-attachment":"scroll","background-type":"","background-media":"","overlay-type":"","overlay-color":"","overlay-opacity":"","overlay-gradient":""},"mobile":{"background-color":"","background-image":"","background-repeat":"repeat","background-position":"center center","background-size":"auto","background-attachment":"scroll","background-type":"","background-media":"","overlay-type":"","overlay-color":"","overlay-opacity":"","overlay-gradient":""}},"ast-content-background-meta":{"desktop":{"background-color":"var(--ast-global-color-5)","background-image":"","background-repeat":"repeat","background-position":"center center","background-size":"auto","background-attachment":"scroll","background-type":"","background-media":"","overlay-type":"","overlay-color":"","overlay-opacity":"","overlay-gradient":""},"tablet":{"background-color":"var(--ast-global-color-5)","background-image":"","background-repeat":"repeat","background-position":"center center","background-size":"auto","background-attachment":"scroll","background-type":"","background-media":"","overlay-type":"","overlay-color":"","overlay-opacity":"","overlay-gradient":""},"mobile":{"background-color":"var(--ast-global-color-5)","background-image":"","background-repeat":"repeat","background-position":"center center","background-size":"auto","background-attachment":"scroll","background-type":"","background-media":"","overlay-type":"","overlay-color":"","overlay-opacity":"","overlay-gradient":""}},"footnotes":""},"class_list":["post-520","page","type-page","status-publish","hentry"],"_links":{"self":[{"href":"https:\/\/produccionesnubedeoort.es\/index.php\/wp-json\/wp\/v2\/pages\/520","targetHints":{"allow":["GET"]}}],"collection":[{"href":"https:\/\/produccionesnubedeoort.es\/index.php\/wp-json\/wp\/v2\/pages"}],"about":[{"href":"https:\/\/produccionesnubedeoort.es\/index.php\/wp-json\/wp\/v2\/types\/page"}],"author":[{"embeddable":true,"href":"https:\/\/produccionesnubedeoort.es\/index.php\/wp-json\/wp\/v2\/users\/1"}],"replies":[{"embeddable":true,"href":"https:\/\/produccionesnubedeoort.es\/index.php\/wp-json\/wp\/v2\/comments?post=520"}],"version-history":[{"count":2,"href":"https:\/\/produccionesnubedeoort.es\/index.php\/wp-json\/wp\/v2\/pages\/520\/revisions"}],"predecessor-version":[{"id":523,"href":"https:\/\/produccionesnubedeoort.es\/index.php\/wp-json\/wp\/v2\/pages\/520\/revisions\/523"}],"wp:attachment":[{"href":"https:\/\/produccionesnubedeoort.es\/index.php\/wp-json\/wp\/v2\/media?parent=520"}],"curies":[{"name":"wp","href":"https:\/\/api.w.org\/{rel}","templated":true}]}}